mine z(-1).
25
Let p(s) = -3*s - 11. What is p(4)?
-23
Let h(c) = -c**2 - 7*c + 10. Calculate h(-9).
-8
Let t(s) = s**2 + 24*s + 53. Calculate t(-17).
-66
Let o(k) = -k**3 + 10*k**2 - 12*k + 8. Give o(8).
40
Let d(u) = -u**3 + 6*u**2 + 7*u + 6. Determine d(7).
6
Let v(r) = -2*r + 12. What is v(6)?
0
Let v(b) = -b**3 - 9*b**2 - 5*b - 10. What is v(-9)?
35
Let c(f) = -2*f + 19. What is c(-13)?
45
Let p(y) = -y**3 - 2*y**2 + 3*y + 1. Calculate p(-3).
1
Let j(v) = v**3 - 6*v**2 - 12*v + 6. Give j(8).
38
Let v(y) = -2*y - 7. What is v(7)?
-21
Let z(m) = 4*m + 5. Determine z(-2).
-3
Let o(u) = -3*u**2 - 4*u - 36. Give o(-4).
-68
Let h(c) = -c + 4. Calculate h(10).
-6
Let n(y) = -y**3 + y**2 - 2*y - 3. Determine n(2).
-11
Let z(a) = a**2 - 31*a + 102. Give z(5).
-28
Let b(a) = a**3 - 6*a**2 + 7*a - 4. Determine b(5).
6
Let h(f) = -3*f**3 + 2*f**2 + 3*f + 4. What is h(-2)?
30
Let j(p) = -15*p - 7. Give j(-4).
53
Let v(t) = t + 8. Determine v(8).
16
Let b(n) = -2*n - 8. Determine b(4).
-16
Let p(k) = 34*k + 278. What is p(-8)?
6
Let w(v) = 3*v**2 + 35*v - 4. What is w(-12)?
8
Let h(u) = 6*u**2 + 7*u. Calculate h(-3).
33
Let l(m) = -m**3 - 8*m**2 + 10*m - 12. Calculate l(-9).
-21
Let i(u) = u**2 + 12*u + 26. Give i(-9).
-1
Let h(n) = -n**2 + 9*n + 38. Give h(11).
16
Let g(b) = b**2 - 9*b - 6. Give g(9).
-6
Let p(k) = -8*k**2 + 4*k - 3. Give p(2).
-27
Let d(a) = a**3 + a**2 - 8*a - 4. Determine d(-3).
2
Let c(m) = -m**3 - 2*m**2 - 3*m - 4. Determine c(-3).
14
Let p(u) = u**3 + 20*u**2 - 3*u - 10. What is p(-20)?
50
Let g(c) = c**3 - 18*c**2 - 20*c - 11. Give g(19).
-30
Let x(r) = r**2 + 5*r - 19. Calculate x(4).
17
Let o(t) = -t**3 - t**2 - 2*t - 36. Give o(0).
-36
Let w(x) = x**3 + 38*x**2 + x + 50. What is w(-38)?
12
Let b(q) = -5*q**2 + 2*q - 4. Determine b(3).
-43
Let j(b) = b**2 + 2*b + 4. Calculate j(-5).
19
Let u(l) = 30*l + 63. What is u(-2)?
3
Let b(q) = -28*q + 16. Calculate b(-4).
128
Let t(q) = q**2 - 12*q + 19. Determine t(8).
-13
Let k(t) = -19*t**3 - 4*t**2 + 2*t + 1. Give k(1).
-20
Let t(z) = z**3 + 25*z**2 - 50*z + 106. Give t(-27).
-2
Let q(i) = -i**3 - 5*i**2 + 8*i + 1. Give q(-6).
-11
Let c(g) = -g**3 - 10*g**2 + 4*g + 3. What is c(-10)?
-37
Let s(i) = -i. Determine s(14).
-14
Let s(z) = -z**3 - 9*z**2 - 4*z + 37. What is s(-8)?
5
Let c(f) = -f + 24. What is c(-20)?
44
Let x(c) = -21*c - 9. Calculate x(0).
-9
Let h(l) = -l**3 + 5*l**2 - 6*l + 15. Give h(5).
-15
Let a(o) = 2*o + 21. What is a(-7)?
7
Let p(y) = 12*y - 89. Calculate p(5).
-29
Let c(w) = 3*w + 49. What is c(-25)?
-26
Let w(f) = 8*f + 40. What is w(-7)?
-16
Let d(l) = -45*l + 4. Determine d(1).
-41
Let a(b) = b**2 - 9*b + 4. Calculate a(6).
-14
Let t(u) = -u**3 - 9*u**2 - 12. Give t(-9).
-12
Let j(n) = -n**2 - 15*n - 15. Calculate j(-13).
11
Let z(l) = 21*l**2 - 106*l - 3. What is z(5)?
-8
Let k(t) = 9*t - 3. What is k(4)?
33
Let a(p) = 2*p**3 - 11*p**2 + 8*p - 6. Give a(5).
9
Let l(k) = 14*k**3 - k. What is l(2)?
110
Let v(r) = 10*r + 53. Determine v(-6).
-7
Let h(u) = -24*u - 156. Calculate h(-7).
12
Let s(q) = -q**2 - 4*q + 10. Determine s(-7).
-11
Let s(p) = -15*p - 156. What is s(-10)?
-6
Let z(l) = l**3 + 6*l**2 + 2*l + 1. Calculate z(-3).
22
Let l(r) = 10*r + 73. Give l(-22).
-147
Let r(x) = -x**3 + x**2 - 2*x - 2. Give r(-2).
14
Let w(m) = -2*m**2 - 4*m + 3. Calculate w(-4).
-13
Let j(i) = -i**2 - 20*i + 20. Calculate j(-21).
-1
Let q(o) = -o**3 + 7*o**2 + 10*o - 3. What is q(8)?
13
Let b(d) = d**3 + 5*d**2 - 14*d - 2. Determine b(-7).
-2
Let s(n) = 2*n + 5. Give s(4).
13
Let i(u) = -u**3 - 7*u**2 - 5*u - 8. Calculate i(-6).
-14
Let d(t) = -t**2 + 5*t + 163. Calculate d(16).
-13
Let h(f) = 14*f**3 + f**2 - 3*f + 1. Give h(1).
13
Let k(v) = 4*v + 39. Give k(-8).
7
Let y(h) = h**3 - 5*h**2 - 6*h - 5. What is y(6)?
-5
Let c(u) = -2*u**3 + 4*u**2 + u - 4. Calculate c(3).
-19
Let i(z) = 6*z - 41. What is i(7)?
1
Let u(i) = i**3 + 7*i**2 + 3*i - 8. Determine u(-6).
10
Let y(t) = -20*t + 125. Determine y(7).
-15
Let q(r) = -14*r**3 + 2*r**2 + 2*r - 1. What is q(2)?
-101
Let h(a) = -6*a**2 - 35*a + 2. Determine h(-6).
-4
Let j(x) = x**2 - 3. What is j(-4)?
13
Let k(l) = 15*l**2 - 3*l - 8. Give k(-2).
58
Let k(x) = -2*x + 10. Determine k(9).
-8
Let z(i) = 2*i**2 + 8*i - 2. What is z(-6)?
22
Let a(d) = -2*d - 13. Calculate a(6).
-25
Let g(h) = -h**2 + 5*h + 194. What is g(15)?
44
Let p(c) = -c**3 - 2*c**2 - 2*c - 2. What is p(-2)?
2
Let h(a) = -6*a - 6. Determine h(-2).
6
Let v(i) = i**3 - 2*i**2 + i - 2. What is v(0)?
-2
Let f(v) = 7*v - 171. What is f(24)?
-3
Let h(n) = n**2 + 9*n - 14. Determine h(-11).
8
Let i(g) = g**2 + 12*g - 4. Determine i(-10).
-24
Let s(j) = -j**3 + 5*j**2 + 7*j - 11. Give s(5).
24
Let r(o) = o**3 + 6*o**2 - 6*o - 1. What is r(-7)?
-8
Let w(u) = u + 7. Calculate w(-6).
1
Let u(k) = -k**2 - 2*k. Determine u(-8).
-48
Let v(a) = 5*a + 233. Determine v(-46).
3
Let g(x) = -8*x + 46. What is g(4)?
14
Let p(g) = g - 4. Calculate p(-6).
-10
Let d(v) = -v**3 + 5*v**2 - v - 2. Give d(3).
13
Let g(h) = 7*h - 96. Give g(7).
-47
Let n(j) = -8*j + 12. Give n(-6).
60
Let i(m) = 23*m**2 - 303*m + 58. Determine i(13).
6
Let p(u) = u**2 - u + 6. Give p(4).
18
Let q(z) = 34*z + 23. Give q(-3).
-79
Let k(l) = -l**2 - 19*l - 5. Determine k(-19).
-5
Let o(t) = -2*t**3 - 29*t**2 - 18*t - 46. Give o(-14).
10
Let k(b) = 12*b - 2. Give k(-2).
-26
Let d(c) = 8*c - 15. Calculate d(-2).
-31
Let a(r) = r**2 + 7*r - 9. Give a(-9).
9
Let f(x) = -11*x + 11. Determine f(2).
-11
Let c(m) = 69*m - 87. Give c(1).
-18
Let t(o) = -7*o + 12. Calculate t(7).
-37
Let h(o) = -o**2 - 10*o - 5. Determine h(-10).
-5
Let b(t) = 3*t + 8. Determine b(5).
23
Let s(x) = x**3 - x**2 - 10*x + 17. Give s(4).
25
Let k(x) = -3*x - 77. What is k(-20)?
-17
Let w(n) = -2*n - 8. What is w(-11)?
14
Let m(y) = -11*y - 20. What is m(-6)?
46
Let b(g) = -g**3 - 2*g**2 + 28*g + 17. What is b(-6)?
-7
Let o(m) = m**3 - 3*m**2 - m - 4. Determine o(4).
8
Let q(j) = -j**2 + 6*j + 10. Calculate q(-2).
-6
Let k(v) = v + 16. What is k(-13)?
3
Let a(x) = 10*x + 83. Determine a(-9).
-7
Let u(y) = -2*y**2 + 14*y + 18. Give u(8).
2
Let h(b) = -10*b - 4. Determine h(3).
-34
Let a(m) = -2*m**2 + 9*m + 56. Determine a(10).
-54
Let t(g) = 2*g**2 + g. Determine t(-4).
28
Let g(b) = 15*b**2 - 3*b + 2. Calculate g(1).
14
Let t(b) = b**3 - 10*b**2 - 7*b + 27. Determine t(11).
71
Let f(o) = -o**2 + o - 21. Calculate f(0).
-21
Let i(q) = 7*q + 10. Determine i(0).
10
Let x(q) = 2*q - 25. What is x(10)?
-5
Let g(k) = 8*k - 14. Determine g(-7).
-70
Let t(k) = -k**3 + 4*k**2 - k - 5. Give t(4).
-9
Let q(h) = h**3 - 11*h**2 - 9*h - 31. Determine q(12).
5
Let x(u) = -u**3 - u**2 - u + 2. Calculate x(2).
-12
Let c(z) = z + 11. Calculate c(-7).
4
Let u(v) = v - 1. Calculate u(-7).
-8
Let x(a) = -a**3 + 3*a**2 - 5*a + 4. What is x(3)?
-11
Let n(a) = -a**3 - 7*a**2 + a + 6. What is n(-7)?
-1
Let x(p) = -p**3 - 4*p**2 - p - 1. Determine x(-2).
-7
Let g(n) = n - 19. Determine g(9).
-10
Let w(f) = f**2 + 14*f + 11. Calculate w(-12).
-13
Let s(o) = -o**2 + 8*o + 71. Calculate s(13).
6
Let a(f) = f**2 - 8*f + 32. Give a(3).
17
Let r(i) = i**2 - 30*i - 244. Calculate r(37).
15
Let z(y) = y**3 - 5*y**2 - 3*y + 2. Give z(5).
-13
Let y(m) = m**3 - m**2 - m - 19. Calculate y(0).
-19
Let q(s) = -s**2 - 14*s + 11. Give q(-15).
-4
Let m(r) = -13*r**2 - 2*r - 3. Calculate m(-1).
-14
Let a(q) = -q**2 - 4*q + 28. Give a(-12).
-68
Let h(d) = 4*d**2 - 65*d - 226. What is h(-3)?
5
Let z(o) = o**3 - 12*o**2 - 12*o - 8. Give z(13).
5
Let d(v) = 2*v. Calculate d(6).
12
Let i(q) = q**2 + 8*q + 3. What is i(-11)?
36
Let g(l) = 2*l**2 - 5*l - 5. Determine g(-2).
13
Let c(w) = 2*w**2 + w - 20. Determine c(-4).
8
Let q(k) = -3*k**3 - 2*k**2 - 2*k - 5. Calculate q(-3).
64
Let f(u) = -u**2 - 5*u + 6. Determine f(-9).
-30
Let v(d) = -d**3 + 7*d**2 - 3*d - 3. What is v(6)?
15
Let j(h) = h**3 + 21*h**2 + 15*h - 99. What is j(-20)?
1
Let p(t) = -3*t**2 + 20*t - 7. What is p(0)?
-7
Let h(u) = -17*u - 19. Determine h(-3).
32
Let t(v) = v + 56. Calculate t(-8).
48
Let u(y) = y**3 + 8*y**2 + 2*y + 12. Give u(-8).
-4
Let z(t) = 3*t + 11. Give z(-11).
-22
Let g(x) = -x**3 + 4*x**2 - x - 2. What is g(4)?
-6
Let p(a) = a + 51. What is p(0)?
51
Let j(y) = 2*y**2 + 17*y + 1. Calcul